{"id":27,"date":"2022-09-20T05:40:49","date_gmt":"2022-09-20T05:40:49","guid":{"rendered":"https:\/\/kikset.dk\/?page_id=27"},"modified":"2022-09-21T09:26:33","modified_gmt":"2022-09-21T09:26:33","slug":"libherr-smarkconnect-installationsproblem","status":"publish","type":"page","link":"https:\/\/kikset.dk\/index.php\/libherr-smarkconnect-installationsproblem\/","title":{"rendered":"LIEBHERR &#8220;SmartDevice&#8221; Installationsproblem"},"content":{"rendered":"\n<p>F\u00f8lger man vejledningen skal d\u00e6kslet af til venstre p\u00e5 dette skab da h\u00e6ngslet sidder til h\u00f8jre.<\/p>\n\n\n\n<p>Inden jeg startede med at &#8220;bruge en del kraft&#8221; som der st\u00e5r man skal sad det helt fast. Nu kan det vippe skr\u00e5t udad hvis man br\u00e6kker meget i det men kan ikke komme p\u00e5 plads igen \ud83d\ude41 Der er intet tegn p\u00e5 at det kan komme af selvom jeg bruger kr\u00e6fter. Hvis jeg bruger mere vil jeg skade k\u00f8leskabet mere ende det allerede er.<\/p>\n\n\n\n<p>Der er endvidere intet tegn p\u00e5 at l\u00f8sningen er gennem h\u00f8jre h\u00e6nglsel.<\/p>\n\n\n\n<figure class=\"wp-block-video\"><video controls src=\"https:\/\/kikset.dk\/wp-content\/uploads\/2022\/09\/20220919_183900.mov\"><\/video><\/figure>\n\n\n\n<figure class=\"wp-block-image size-large\"><img decoding=\"async\" src=\"https:\/\/kikset.dk\/wp-content\/uploads\/2022\/09\/20220919_183854-1024x461.jpg\" alt=\"\" class=\"wp-image-35\"\/><\/figure>\n\n\n\n<figure class=\"wp-block-image size-large\"><img decoding=\"async\" src=\"https:\/\/kikset.dk\/wp-content\/uploads\/2022\/09\/20220920_184027-1024x461.jpg\" alt=\"\" class=\"wp-image-40\"\/><\/figure>\n\n\n\n<figure class=\"wp-block-image size-large\"><img decoding=\"async\" src=\"https:\/\/kikset.dk\/wp-content\/uploads\/2022\/09\/20220920_184038-1024x461.jpg\" alt=\"\" class=\"wp-image-41\"\/><\/figure>\n\n\n\n<figure class=\"wp-block-image size-large\"><img decoding=\"async\" src=\"https:\/\/kikset.dk\/wp-content\/uploads\/2022\/09\/20220920_184043-1024x461.jpg\" alt=\"\" class=\"wp-image-42\"\/><\/figure>\n\n\n\n<figure class=\"wp-block-image size-large\"><img decoding=\"async\" src=\"https:\/\/kikset.dk\/wp-content\/uploads\/2022\/09\/20220920_184135-1024x461.jpg\" alt=\"\" class=\"wp-image-43\"\/><\/figure>\n\n\n\n<figure class=\"wp-block-image size-large\"><img decoding=\"async\" src=\"https:\/\/kikset.dk\/wp-content\/uploads\/2022\/09\/20220920_184142-1024x461.jpg\" alt=\"\" class=\"wp-image-45\"\/><\/figure>\n","protected":false},"excerpt":{"rendered":"<p>F\u00f8lger man vejledningen skal d\u00e6kslet af til venstre p\u00e5 dette skab da h\u00e6ngslet sidder til h\u00f8jre. Inden jeg startede med at &#8220;bruge en del kraft&#8221; som der st\u00e5r man skal sad det helt fast. Nu kan det vippe skr\u00e5t udad hvis man br\u00e6kker meget i det men kan ikke komme p\u00e5 plads igen \ud83d\ude41 Der<a class=\"more-link\" href=\"https:\/\/kikset.dk\/index.php\/libherr-smarkconnect-installationsproblem\/\">L\u00e6s videre <span class=\"meta-nav\">&rarr;<\/span><\/a><\/p>\n","protected":false},"author":1,"featured_media":0,"parent":0,"menu_order":0,"comment_status":"closed","ping_status":"closed","template":"","meta":{"footnotes":""},"class_list":["post-27","page","type-page","status-publish","hentry"],"_links":{"self":[{"href":"https:\/\/kikset.dk\/index.php\/wp-json\/wp\/v2\/pages\/27","targetHints":{"allow":["GET"]}}],"collection":[{"href":"https:\/\/kikset.dk\/index.php\/wp-json\/wp\/v2\/pages"}],"about":[{"href":"https:\/\/kikset.dk\/index.php\/wp-json\/wp\/v2\/types\/page"}],"author":[{"embeddable":true,"href":"https:\/\/kikset.dk\/index.php\/wp-json\/wp\/v2\/users\/1"}],"replies":[{"embeddable":true,"href":"https:\/\/kikset.dk\/index.php\/wp-json\/wp\/v2\/comments?post=27"}],"version-history":[{"count":7,"href":"https:\/\/kikset.dk\/index.php\/wp-json\/wp\/v2\/pages\/27\/revisions"}],"predecessor-version":[{"id":47,"href":"https:\/\/kikset.dk\/index.php\/wp-json\/wp\/v2\/pages\/27\/revisions\/47"}],"wp:attachment":[{"href":"https:\/\/kikset.dk\/index.php\/wp-json\/wp\/v2\/media?parent=27"}],"curies":[{"name":"wp","href":"https:\/\/api.w.org\/{rel}","templated":true}]}}